 -4 + 5*y - 7*y + 3*y + y**2. What are the prime factors of h(q)?
2, 19
Let b(f) be the first derivative of 65*f**4/4 - 2*f**3/3 + f**2 - f + 1. Let s be b(1). Suppose -s + 16 = -4*l. List the prime factors of l.
2, 3
Let s(w) = -247*w**3 - w. Let y be s(-1). Suppose -g = -b + y, 343 = 4*b + 3*g - 635. List the prime factors of b.
2, 3, 41
Suppose 2381 = 3*y + f - 1397, 0 = 3*y - f - 3776. What are the prime factors of y?
1259
Suppose -3*w = -6*w + 15. Suppose 0 = -4*r - q - 17, 0*r - q - w = r. Let z(x) = 3*x**2 + x + 6. List the prime factors of z(r).
2, 5
List the prime factors of (-6)/((-48)/772)*4 + 4.
2, 3, 5, 13
Suppose 17*g + 12 = -532. Let o = 45 - g. List the prime factors of o.
7, 11
Let t(x) = -16*x + 1. Let u be t(-7). Let h = u + -86. List the prime factors of h.
3
Let u = 14 - 11. Suppose -4*s + u = c, -s = 2*c - 0*s - 6. Suppose c*p + 2*p - 90 = 0. What are the prime factors of p?
2, 3
Suppose 258 = 3*d - 93. What are the prime factors of d?
3, 13
Let i = 22 + 6. What are the prime factors of 4*1*455/i?
5, 13
Suppose 2*k + x + 69 = k, -3*x - 69 = k. What are the prime factors of ((-56)/21)/((-2)/k*-1)?
2, 23
Let q be (-4*1)/(6/(-633)). Suppose 88 = n + 4*x, n - 6*n = 2*x - q. Suppose 0 = -3*w + 30 + n. What are the prime factors of w?
2, 19
Let h(z) = 26*z**2 - 69*z - 12. What are the prime factors of h(12)?
2, 3, 11
Let p(f) = f**3 + 3*f**2 - 11*f - 2. Let j be p(-5). Suppose j*o - 504 = c, 2*o + 5*c = 4*c + 331. What are the prime factors of o?
167
Let z be (14/(-4))/(4 + 9/(-2)). What are the prime factors of 233/z - (-3 - 69/(-21))?
3, 11
Suppose 18 = -0*o - 2*o. Let l = -10 - -36. Let w = o + l. List the prime factors of w.
17
Suppose -44*a - 860 = -48*a. What are the prime factors of a?
5, 43
Let z(c) = -13*c**2 + c - 1 + 27*c**2 - 11*c**2. Suppose 0*r = 2*r - 2. List the prime factors of z(r).
3
Let q(j) = 5*j**2 - 35*j + 3. Let l be q(7). Suppose -g = 4*d - 513, l*g = 2*d - 182 - 85. List the prime factors of d.
3, 43
Suppose -4*x + 2*x = -198. Let p = x - 54. List the prime factors of p.
3, 5
Suppose c + 4*j - 601 = 0, -3*c + 2022 = 4*j + 195. What are the prime factors of c?
613
Let d(r) = 4*r - 1. Let h be d(3). Let n = 412 + -374. Let x = n - h. What are the prime factors of x?
3
Suppose -2*s - 3*p + 271 = 0, -3*s - 3*p + 326 = -85. List the prime factors of s.
2, 5, 7
Let z = 0 + 10. Suppose -2*y = -0*y + z, 76 = n + y. List the prime factors of n.
3
List the prime factors of (-61)/(-488) + (-29246)/(-16).
2, 457
Let w = -244 - -419. Suppose 3*q - 8*q = -w. List the prime factors of q.
5, 7
Let c(p) = -507*p - 256. What are the prime factors of c(-4)?
2, 443
Let f = 301 + -45. What are the prime factors of f?
2
Let b(h) = -37*h + 21. Let n(q) = 9*q - 5. Let j(v) = 2*b(v) + 9*n(v). What are the prime factors of j(10)?
67
Suppose -8*u - 22 = -38. Let d(z) = -2*z**2 + 2*z**2 + z**2. List the prime factors of d(u).
2
Suppose -3*q = -4*m - 2145, 14*m = -3*q + 17*m + 2142. What are the prime factors of q?
3, 79
Let f(m) be the third derivative of m**6/120 - 3*m**5/20 - m**4/3 - 4*m**3/3 + 6*m**2. Let u be f(10). Let j = -7 + u. List the prime factors of j.
5
Suppose -2*v - 4272 = -4*c + 872, 2*v - 5160 = -4*c. What are the prime factors of c?
2, 7, 23
Let j = -66 - 17. Let r be ((-10)/(-15))/(1/(-78)). Let d = r - j. List the prime factors of d.
31
Let l(d) = -d**3 - 4*d**2 + 5*d - 5. Let b be l(-7). Let j = 400 - b. What are the prime factors of j?
293
Let o be (1 + 14)/(5/25). Let g = o - 120. Let z = -27 - g. What are the prime factors of z?
2, 3
Let q(c) = -2*c**2 + 10*c - 9. Let h be q(6). Let f = 85 + -37. Let s = h + f. What are the prime factors of s?
3
Suppose -2*i + r = -21, -r + 11 = 4*i - 16. Let p = -6 + i. Suppose 7*f = p*f + 150. List the prime factors of f.
2, 3, 5
Let q be -111*(55/(-15) - -3). Suppose -4*u - 2*l + 296 = l, u = -2*l + q. List the prime factors of u.
2, 37
Let s(k) = -k**3 + 4*k**2 + 12*k + 3. Let a be s(6). Suppose -a*t = -9, q - t + 7 = t. What are the prime factors of (6/q)/(57/(-95))?
2, 5
Suppose 2*m = -x + 57, -3*m + 0*x + 3*x + 108 = 0. Let i = m + -25. Suppose 0 = 4*p + 3*l - 2 - i, 4*l = 0. List the prime factors of p.
2
Suppose -3*p = -5*l - 110, 0 = -5*p - 2*l + 158 + 77. Suppose 3*o = -5*v + p, o - 34 = -o - 2*v. List the prime factors of o.
2, 5
List the prime factors of 0/(1 + 1) + (-134 - -2993).
3, 953
Let k = -26 + 42. Suppose 2 = 3*n - k. What are the prime factors of (18*3/n)/1?
3
Suppose -2*o = 6 - 2. List the prime factors of o*(-3 - -2 - 27).
2, 7
Let c = 146 + 375. List the prime factors of c.
521
Let r(f) = f + 12. Let w be (1*-3)/(0 - 1). Let i = 12 - w. What are the prime factors of r(i)?
3, 7
Let f(q) = q**3 - 10*q**2 - 9*q - 8. Let m be f(11). Suppose -m*w + 11*w + 51 = 0. What are the prime factors of w?
17
Suppose 3*d - 6*s - 1156 = -2*s, d + 5*s = 360. List the prime factors of d.
2, 5, 19
Suppose -654 = -36*f + 1686. Suppose 5*u + 3*i = 29, 0*u - u + 13 = 3*i. Suppose -u*y + y + 39 = -5*g, 0 = -5*y - g + f. List the prime factors of y.
13
Let x(z) = -z**3 - 14*z**2 - 14*z + 14. Let j be x(-13). Suppose -77 + j = -m. Suppose m - 18 = v. List the prime factors of v.
2
Let u = 4 - 4. Suppose u*o + 24 = o. What are the prime factors of o?
2, 3
Suppose 29*j = 34*j - 1000. List the prime factors of j.
2, 5
Let t(k) = -k**3 + 4*k**2 + 6*k + 1. Let c be t(5). Suppose 6*f = f. Suppose f = c*z - 9*z + 111. What are the prime factors of z?
37
Suppose 1561 = 5*s - 6359. List the prime factors of s.
2, 3, 11
Let f = 63 + 393. What are the prime factors of f?
2, 3, 19
Let w(s) = 68*s + 7. Let u be w(4). Suppose 2*v = -3*t + u, -4*t = -v + 2*v - 127. What are the prime factors of v?
3, 7
Let r = -1037 + 1538. What are the prime factors of r?
3, 167
Let r(c) = 5*c**3 + 5*c - 2. Let h(q) = 14*q**3 + 14*q - 5. Let v(t) = 4*h(t) - 11*r(t). Let a be v(3). List the prime factors of a/(2 - 6)*-1.
2
Let r be 2*2/(-4) - -3. Suppose m - 1 = 0, r*q - 5*q + 3*m = -81. What are the prime factors of q?
2, 7
Suppose 7 = -4*n + 27. Suppose -5*d + n = -5. Suppose 3*f + f = -16, -44 = -d*k - 3*f. List the prime factors of k.
2, 7
Let r(l) = 13*l + 13. Let u(d) = d - 1. Let n be u(4). Suppose 9 = 3*v - n. What are the prime factors of r(v)?
5, 13
List the prime factors of 1359 + ((-10)/4)/((-18)/(-36)).
2, 677
What are the prime factors of 34/4 - ((-84)/(-8))/21?
2
Let z(k) = -k**3 + 3*k**2 - k + 7. Let a be z(3). Suppose 0*v = 3*v + 5*x - 241, 3*v + a*x = 245. List the prime factors of v.
3, 29
Let k = 1385 - 917. List the prime factors of k.
2, 3, 13
Suppose -28*s = 42*s - 65660. List the prime factors of s.
2, 7, 67
Suppose 0 = 3*n + y - 626 - 1534, 5*n + 3*y - 3596 = 0. List the prime factors of n.
7, 103
Suppose 5*r - 27 = -67. What are the prime factors of 3 + (-50)/16 - 1137/r?
2, 71
Let p(z) = -3*z + 3. Let a be (-1 + 3)*(-1 + 2). Suppose -5*i - 35 = -a*d, 5*i + 4*d = -0*i - 5. What are the prime factors of p(i)?
2, 3
Let m(q) = -42*q - 25. Let f be m(-8). Suppose -34 = l - 3*i - 133, -2*i = -3*l + f. List the prime factors of l.
3, 5, 7
Suppose -v = -2*k - 200, 323 - 123 = v - 4*k. List the prime factors of v.
2, 5
Let l(o) = 22*o - 94. List the prime factors of l(41).
2, 101
Let r be (-60)/18*(-12)/(-10) - -8. Suppose -r*n + 2*l + 150 = 0, 2*n - 5*n + 132 = 5*l. List the prime factors of n.
3, 13
Let a be ((-5)/2)/(6/(-12)). Suppose -64 = -2*g + 3*h, a*g = 2*h - h + 173. Let u = -9 + g. What are the prime factors of u?
2, 13
Suppose 501*d + 1580 = 505*d. What are the prime factors of d?
5, 79
Let s = -3 + 15. Let o be 10 - (-7)/(21/s). Let f = 54 - o. List the prime factors of f.
2, 5
Suppose -5*b - 3*l + 26 = 0, -4 = -b + 4*l - 5*l. List the prime factors of b.
7
Let x(l) = l - 3. Let f = -13 + 15. Let h be x(f). What are the prime factors of ((20 - h) + -1)*2?
2, 5
Let t be 136/88*-4 - (-4)/22. Let d = 9 + -5. What are the prime factors of (t/(-4))/(d/88)?
3, 11
Let q be -4 + (-130)/(-35) - (-18)/14. List the prime factors of (-69)/(-3) - (-2 - q).
2, 13
Let b(w) = 3*w**2 - 4*w**2 - 32*w + 25*w - 5. List the prime factors of b(-5).
5
Suppose j - 64 = -7*j. Suppose 5*l - 5*n - 1470 = 0, -7*n + j*n - 292 = -l. What are the prime factors of l?
293
Suppose 0 = 4*b - 3*k - 23, k